e remainder when 652 is divided by 302.
48
What is the remainder when 206 is divided by 65?
11
What is the remainder when 2884 is divided by 24?
4
What is the remainder when 502 is divided by 501?
1
What is the remainder when 379 is divided by 72?
19
What is the remainder when 211 is divided by 85?
41
What is the remainder when 3826 is divided by 255?
1
Calculate the remainder when 223 is divided by 111.
1
What is the remainder when 61 is divided by 50?
11
Calculate the remainder when 1115 is divided by 134.
43
What is the remainder when 157 is divided by 97?
60
Calculate the remainder when 296 is divided by 102.
92
Calculate the remainder when 422 is divided by 29.
16
Calculate the remainder when 227 is divided by 118.
109
What is the remainder when 2593 is divided by 2586?
7
Calculate the remainder when 116 is divided by 13.
12
What is the remainder when 107 is divided by 19?
12
What is the remainder when 209 is divided by 180?
29
What is the remainder when 1635 is divided by 32?
3
What is the remainder when 2428 is divided by 801?
25
Calculate the remainder when 37 is divided by 19.
18
What is the remainder when 23365 is divided by 254?
251
What is the remainder when 697 is divided by 98?
11
Calculate the remainder when 133 is divided by 17.
14
Calculate the remainder when 390 is divided by 193.
4
What is the remainder when 501 is divided by 169?
163
Calculate the remainder when 283 is divided by 71.
70
Calculate the remainder when 180 is divided by 80.
20
Calculate the remainder when 5640 is divided by 31.
29
What is the remainder when 6801 is divided by 126?
123
Calculate the remainder when 2311 is divided by 40.
31
What is the remainder when 156 is divided by 40?
36
What is the remainder when 68 is divided by 38?
30
Calculate the remainder when 149 is divided by 44.
17
Calculate the remainder when 1048 is divided by 335.
43
Calculate the remainder when 2569 is divided by 17.
2
What is the remainder when 577 is divided by 317?
260
Calculate the remainder when 63 is divided by 36.
27
What is the remainder when 240 is divided by 117?
6
Calculate the remainder when 794 is divided by 387.
20
Calculate the remainder when 352 is divided by 113.
13
What is the remainder when 769 is divided by 266?
237
Calculate the remainder when 10557 is divided by 203.
1
What is the remainder when 609 is divided by 27?
15
Calculate the remainder when 613 is divided by 22.
19
What is the remainder when 284 is divided by 43?
26
Calculate the remainder when 988 is divided by 82.
4
Calculate the remainder when 231 is divided by 26.
23
What is the remainder when 369 is divided by 74?
73
What is the remainder when 705 is divided by 12?
9
Calculate the remainder when 923 is divided by 11.
10
What is the remainder when 1592 is divided by 39?
32
What is the remainder when 2283 is divided by 135?
123
Calculate the remainder when 879 is divided by 12.
3
Calculate the remainder when 72 is divided by 48.
24
What is the remainder when 3623 is divided by 37?
34
What is the remainder when 66 is divided by 57?
9
Calculate the remainder when 674 is divided by 9.
8
What is the remainder when 1327 is divided by 7?
4
Calculate the remainder when 193 is divided by 15.
13
What is the remainder when 142 is divided by 31?
18
Calculate the remainder when 8752 is divided by 85.
82
Calculate the remainder when 143 is divided by 53.
37
What is the remainder when 57 is divided by 32?
25
Calculate the remainder when 8204 is divided by 228.
224
What is the remainder when 248 is divided by 47?
13
Calculate the remainder when 11 is divided by 7.
4
What is the remainder when 176 is divided by 162?
14
What is the remainder when 2436 is divided by 74?
68
What is the remainder when 35 is divided by 14?
7
Calculate the remainder when 682 is divided by 38.
36
Calculate the remainder when 10348 is divided by 15.
13
Calculate the remainder when 613 is divided by 14.
11
What is the remainder when 112 is divided by 58?
54
What is the remainder when 876 is divided by 20?
16
What is the remainder when 323 is divided by 89?
56
What is the remainder when 200 is divided by 59?
23
What is the remainder when 70 is divided by 6?
4
Calculate the remainder when 401 is divided by 29.
24
What is the remainder when 37 is divided by 10?
7
Calculate the remainder when 575 is divided by 16.
15
What is the remainder when 157 is divided by 30?
7
Calculate the remainder when 78 is divided by 26.
0
Calculate the remainder when 153 is divided by 60.
33
What is the remainder when 291 is divided by 128?
35
Calculate the remainder when 180 is divided by 37.
32
Calculate the remainder when 85 is divided by 39.
7
What is the remainder when 876 is divided by 218?
4
Calculate the remainder when 11933 is divided by 27.
26
Calculate the remainder when 107 is divided by 80.
27
Calculate the remainder when 992 is divided by 41.
8
Calculate the remainder when 3631 is divided by 453.
7
Calculate the remainder when 21 is divided by 7.
0
Calculate the remainder when 193 is divided by 39.
37
What is the remainder when 50 is divided by 39?
11
Calculate the remainder when 100 is divided by 45.
10
Calculate the remainder when 1492 is divided by 136.
132
What is the remainder when 31857 is divided by 18?
15
What is the remainder when 54 is divided by 42?
12
What is the remainder when 867 is divided by 127?
105
Calculate the remainder when 72 is divided by 26.
20
Calculate the remainder when 49 is divided by 25.
24
What is the remainder when 118 is divided by 32?
22
Calculate the remainder when 25 is divided by 13.
12
Calculate the remainder when 411 is divided by 202.
7
What is the remainder when 107 is divided by 37?
33
What is the remainder when 16351 is divided by 79?
77
What is the remainder when 851 is divided by 8?
3
What is the remainder when 1869 is divided by 22?
21
What is the remainder when 37305 is divided by 46?
45
Calculate the remainder when 460 is divided by 69.
46
Calculate the remainder when 34 is divided by 14.
6
What is the remainder when 397 is divided by 40?
37
Calculate the remainder when 582 is divided by 65.
62
What is the remainder when 370 is divided by 67?
35
What is the remainder when 1340 is divided by 159?
68
Calculate the remainder when 132 is divided by 72.
60
What is the remainder when 159 is divided by 71?
17
Calculate the remainder when 1925 is divided by 193.
188
Calculate the remainder when 80 is divided by 61.
19
What is the remainder when 1579 is divided by 31?
29
What is the remainder when 62 is divided by 34?
28
What is the remainder when 82 is divided by 23?
13
Calculate the remainder when 1005 is divided by 21.
18
Calculate the remainder when 2159 is divided by 9.
8
Calculate the remainder when 12183 is divided by 18.
15
Calculate the remainder when 1488 is divided by 88.
80
Calculate the remainder when 138 is divided by 138.
0
Calculate the remainder when 9449 is divided by 75.
74
Calculate the remainder when 1231 is divided by 16.
15
Calculate the remainder when 277 is divided by 64.
21
Calculate the remainder when 55 is divided by 39.
16
Calculate the remainder when 666 is divided by 139.
110
Calculate the remainder when 188 is divided by 10.
8
Calculate the remainder when 865 is divided by 6.
1
What is the remainder when 161 is divided by 18?
17
Calculate the remainder when 256 is divided by 84.
4
What is the remainder when 644 is divided by 5?
4
Calculate the remainder when 1647 is divided by 24.
15
What is the remainder when 6302 is divided by 40?
22
Calculate the remainder when 11093 is divided by 146.
143
Calculate the remainder when 1126 is divided by 103.
96
Calculate the remainder when 46 is divided by 13.
7
What is the remainder when 85 is divided by 73?
12
Calculate the remainder when 500 is divided by 490.
10
Calculate the remainder when 1287 is divided by 15.
12
Calculate the remainder when 20805 is divided by 202.
201
Calculate the remainder when 135 is divided by 13.
5
What is the remainder when 641 is divided by 37?
12
What is the remainder when 263 is divided by 86?
5
Calculate the remainder when 426 is divided by 110.
96
What is the remainder when 26997 is divided by 24?
21
Calculate the remainder when 89 is divided by 19.
13
Calculate the remainder when 320 is divided by 13.